se
Is 27494058991 composite?
True
Is 766359617 composite?
True
Is 64795950059 a composite number?
True
Is 653699899 a prime number?
True
Is 2041963043 composite?
True
Is 7201213197 a prime number?
False
Is 11135367709 prime?
True
Is 1694287033 a composite number?
False
Is 3244723153 prime?
False
Is 21529767019 prime?
True
Is 785375753 a composite number?
False
Is 1230370423 composite?
True
Is 403730281 composite?
False
Is 36328004003 a composite number?
True
Is 9901597837 a prime number?
False
Is 415865413 prime?
False
Is 678115801 a prime number?
False
Is 1953285619 prime?
True
Is 5135358629 a prime number?
True
Is 297944639 a composite number?
True
Is 1094527529 a prime number?
False
Is 1448231579 a composite number?
False
Is 1421594333 prime?
True
Is 48021688963 a prime number?
True
Is 816469013 a prime number?
False
Is 10455356407 prime?
False
Is 368767493 a composite number?
True
Is 7729285393 a prime number?
True
Is 8444828317 a composite number?
True
Is 139172036158 prime?
False
Is 6734316597 a composite number?
True
Is 1314789823 a composite number?
False
Is 4343995603 a composite number?
False
Is 12942628927 composite?
True
Is 763923835 composite?
True
Is 80878245683 a composite number?
True
Is 4558844153 a composite number?
False
Is 20400446345 composite?
True
Is 6852556203 a prime number?
False
Is 3497051149 prime?
True
Is 21300833767 a composite number?
True
Is 3011290001 prime?
True
Is 7304307797 composite?
False
Is 7099454071 a prime number?
False
Is 20006954773 a composite number?
True
Is 90729802153 a composite number?
True
Is 1381046451 a prime number?
False
Is 3028767953 prime?
True
Is 10827932051 a composite number?
True
Is 642528221 a composite number?
True
Is 48759680647 a prime number?
False
Is 378274903 composite?
False
Is 7842260981 a composite number?
True
Is 793437181 prime?
False
Is 122910409 prime?
True
Is 53661126347 a composite number?
False
Is 375797264849 composite?
True
Is 2528382463 composite?
False
Is 1661113793 a prime number?
False
Is 16747062953 prime?
True
Is 50186218622 a prime number?
False
Is 217055029 a prime number?
True
Is 2269696343 a prime number?
True
Is 9145010001 a composite number?
True
Is 57082117 a composite number?
True
Is 4056155641 a composite number?
True
Is 55142489 a composite number?
False
Is 278893939 a prime number?
False
Is 11183175599 a composite number?
True
Is 30238611647 a prime number?
False
Is 178269401 a prime number?
False
Is 23357176033 prime?
True
Is 19546693363 a prime number?
True
Is 579651817 a composite number?
False
Is 21514363642 prime?
False
Is 177238181 prime?
True
Is 11474746373 composite?
False
Is 186419543 a composite number?
False
Is 5771278283 a composite number?
False
Is 183644129 a composite number?
True
Is 20765260781 prime?
True
Is 13138035563 composite?
False
Is 7670354629 prime?
False
Is 49221794147 prime?
True
Is 517983307 a prime number?
True
Is 11132861 prime?
True
Is 9209513 a composite number?
True
Is 9113260633 a composite number?
False
Is 843085667 a prime number?
True
Is 6360732022 composite?
True
Is 46291899631 a composite number?
False
Is 2202373895 prime?
False
Is 3702345329 composite?
False
Is 5731056307 a composite number?
True
Is 3114238861 a prime number?
True
Is 1852419461 a composite number?
True
Is 885742699 prime?
False
Is 10739838605 prime?
False
Is 21369536941 composite?
False
Is 150710333 a composite number?
True
Is 7542582277 a prime number?
True
Is 4097006437 composite?
False
Is 343551318689 prime?
False
Is 7910872691 a composite number?
True
Is 1171643857 a prime number?
False
Is 10168272587 a prime number?
False
Is 162656377 composite?
True
Is 7301302601 a prime number?
False
Is 4646021027 prime?
False
Is 416515277 a prime number?
True
Is 2861965213 prime?
True
Is 11045062393 prime?
False
Is 17329309897 a composite number?
True
Is 1801220719 prime?
True
Is 148372383137 a composite number?
True
Is 42302490233 a prime number?
False
Is 68223109 composite?
True
Is 17235957029 prime?
False
Is 236021077 a prime number?
True
Is 2415291223 prime?
True
Is 55225063081 prime?
False
Is 9476152919 composite?
False
Is 576794263677 composite?
True
Is 1612285403 a prime number?
False
Is 37877455127 prime?
True
Is 1462437247 a prime number?
False
Is 221110327 a prime number?
False
Is 230778931 composite?
False
Is 11294329 composite?
False
Is 1151791331 prime?
True
Is 1328880287 composite?
True
Is 736169461 prime?
False
Is 7686695581 a composite number?
False
Is 3653430923 a composite number?
True
Is 1886297159 prime?
True
Is 645263441 prime?
False
Is 118397268601 a composite number?
False
Is 9324057233 a composite number?
True
Is 2513603809 a prime number?
True
Is 1260544001 a composite number?
True
Is 6071339503 a composite number?
True
Is 17148006313 composite?
False
Is 7261867929 composite?
True
Is 16009068989 composite?
False
Is 1433068667 composite?
False
Is 10802705843 prime?
True
Is 136281037 prime?
True
Is 28266088709 a composite number?
True
Is 83577712451 composite?
True
Is 760313467 a composite number?
True
Is 236383601 a prime number?
False
Is 16797966301 composite?
False
Is 7274195401 a composite number?
True
Is 1292410727 a prime number?
False
Is 7528708679 composite?
False
Is 968179517 a composite number?
False
Is 2600087377 a prime number?
True
Is 1073223581 prime?
False
Is 36889118263 a prime number?
False
Is 351757711 prime?
True
Is 19395156481 a composite number?
True
Is 205877033 a composite number?
True
Is 75834571201 prime?
True
Is 54429947179 composite?
False
Is 2808302197 a composite number?
False
Is 9082352701 a prime number?
False
Is 365557757 a prime number?
True
Is 684128741 composite?
True
Is 230762718955 a prime number?
False
Is 75604238623 prime?
True
Is 4286263247 composite?
True
Is 3935795893 a prime number?
True
Is 16295509 a composite number?
False
Is 1133983397 a prime number?
True
Is 6438989737 composite?
False
Is 159976750858 a composite number?
True
Is 11005281601 a prime number?
False
Is 193692246743 composite?
False
Is 3863349799 prime?
True
Is 88062509 a composite number?
False
Is 44407487231 a composite number?
False
Is 5786205281 composite?
True
Is 40080480403 prime?
False
Is 232977893 a composite number?
True
Is 145518629 a prime number?
True
Is 24592191101 prime?
True
Is 66636642901 a composite number?
True
Is 33970855069 a prime number?
True
Is 2708586821 composite?
False
Is 15724663523 prime?
False
Is 254429443 a composite number?
True
Is 2767585373 composite?
True
Is 7445266141 prime?
False
Is 30770863 a prime number?
True
Is 872367061 composite?
True
Is 1023325019 composite?
False
Is 1742340283 composite?
False
Is 5241849757 prime?
True
Is 29697019081 composite?
True
Is 1053316721 composite?
True
Is 581975623 a prime number?
True
Is 2617158433 composite?
False
Is 339573133 a prime number?
True
Is 1233213869 a composite number?
False
Is 7912082681 a composite number?
False
Is 10074417737 prime?
False
Is 1403236873 a prime number?
False
Is 490040497 a composite number?
True
Is 1551070577 composite?
True
Is 134084309923 composite?
False
Is 1480591709 a prime number?
True
Is 384548651 a composite number?
False
Is 11371689634 a prime number?
False
Is 5525203891 prime?
True
Is 779169329 a composite number?
True
Is 3202305797 a prime number?
False
Is 735885407 prime?
False
Is 5707086731 a prime number?
True
Is 20633814107 prime?
False
Is 2260649387 composite?
False
Is 118787131609 prime?
True
Is 16640882683 a prime number?
False
Is 6392251087 prime?
True
Is 3225213961 a prime number?
True
Is 32619839557 a composite number?
False
Is 4646304643 composite?
False
Is 2524358437 prime?
True
Is 107824073407 a composite number?
False
Is 1327403617 a prime number?
True
Is 8680317809 composite?
False
Is 199231499 a composite number?
True
Is 102670800751 prime?
True
Is 963189823 a composite number?
False
Is 87081257 a composite number?
False
Is 2605718161 prime?
False
Is 672568769 a prime number?
True
Is 1799156147 a prime number?
True
Is 21794343161 a prime number?
True
Is 2931523213 composite?
True
Is 25582404073 prime?
False
Is 30861358711 a composite number?
True
Is 13067353279 a prime number?
False
Is 9019783703 prime?
False
Is 1973326513 prime?
False
Is 121041955207 prime?
True
Is 13948352419 a prime n